?
True
Does 523 divide 460522420?
True
Is 124 a factor of 51982682?
False
Is 77531645 a multiple of 29?
True
Is 87384695 a multiple of 11?
False
Is 100 a factor of 7966315?
False
Is 47409588 a multiple of 1068?
True
Is 328042476 a multiple of 41?
True
Does 12 divide 71677140?
True
Does 14 divide 4797273?
False
Is 69583626 a multiple of 21?
True
Is 1333 a factor of 338336728?
True
Is 20393100 a multiple of 1494?
True
Is 3461 a factor of 1760008486?
True
Is 17783720 a multiple of 8?
True
Does 119 divide 206630167?
False
Does 915 divide 708412890?
False
Is 1609 a factor of 580337797?
False
Does 168 divide 90499584?
True
Is 101 a factor of 23039413?
True
Is 5665 a factor of 597068340?
True
Is 2224442796 a multiple of 12?
True
Does 44 divide 22916282?
False
Is 73788770 a multiple of 1165?
True
Is 86352309 a multiple of 24?
False
Does 1994 divide 261088378?
True
Is 11 a factor of 30229420?
False
Does 15 divide 5087933?
False
Is 344 a factor of 98623?
False
Does 74 divide 272286143?
False
Does 45 divide 51027343?
False
Does 1984 divide 340878976?
True
Is 130058348 a multiple of 98?
True
Does 53 divide 197567394?
False
Is 1983901216 a multiple of 44?
True
Is 32 a factor of 31530464?
True
Is 168 a factor of 786678338?
False
Is 27 a factor of 8280895?
False
Is 67789961 a multiple of 123?
False
Does 1026 divide 748394610?
False
Is 2100504 a multiple of 14?
True
Is 123657741 a multiple of 1143?
True
Is 1531205 a multiple of 5?
True
Does 687 divide 664489758?
True
Is 925 a factor of 19817130?
False
Does 13346 divide 2929113350?
True
Is 89036788 a multiple of 74?
False
Is 31 a factor of 39823406?
True
Is 13 a factor of 390551018?
True
Is 254784371 a multiple of 28?
False
Is 163 a factor of 204319685?
True
Does 105 divide 58497495?
True
Does 23 divide 244988916?
True
Is 47937318 a multiple of 11?
True
Is 1332950080 a multiple of 280?
True
Is 573946686 a multiple of 2690?
False
Does 225 divide 18393975?
True
Does 980 divide 3035411723?
False
Is 4111065 a multiple of 93?
True
Is 1889 a factor of 45750015?
False
Is 303573637 a multiple of 15?
False
Does 75 divide 538158375?
True
Is 169 a factor of 164104316?
False
Is 161692521 a multiple of 12?
False
Is 2 a factor of 9549307?
False
Is 104698047 a multiple of 9?
False
Does 10 divide 6481860?
True
Is 1775018 a multiple of 38?
True
Is 3373 a factor of 195433299?
False
Does 79 divide 57685577?
False
Is 44855447 a multiple of 91?
True
Does 16 divide 4115213?
False
Does 116 divide 151882512?
True
Is 201 a factor of 787229364?
True
Is 956 a factor of 17117180?
True
Is 245 a factor of 12998911?
False
Is 3675 a factor of 1565366250?
True
Is 287255583 a multiple of 51?
False
Does 149 divide 3726150?
False
Is 92108660 a multiple of 35?
True
Is 3082 a factor of 785814458?
True
Does 2740 divide 68664400?
True
Does 2137 divide 250856019?
True
Is 697749696 a multiple of 126?
True
Does 992 divide 85974656?
True
Does 361 divide 19660377?
False
Is 878261608 a multiple of 23?
False
Is 1368806 a multiple of 177?
False
Does 9 divide 16513529?
False
Does 776 divide 598155544?
True
Does 15 divide 112318215?
True
Does 388 divide 16567600?
True
Is 276468700 a multiple of 20?
True
Does 6 divide 19422198?
True
Is 4 a factor of 5792488?
True
Does 27 divide 26084881?
False
Does 94 divide 16141226?
False
Is 60240690 a multiple of 90?
True
Does 663 divide 762585337?
False
Is 76 a factor of 32206672?
True
Does 13 divide 66986309?
True
Is 17 a factor of 48978781?
False
Is 209728713 a multiple of 1437?
True
Is 567671689 a multiple of 43?
False
Is 465765802 a multiple of 531?
False
Is 982 a factor of 291864988?
False
Is 5887625 a multiple of 2?
False
Does 209 divide 142616835?
False
Does 30 divide 31937100?
True
Is 427902 a multiple of 1695?
False
Is 13 a factor of 6296020857?
False
Is 8 a factor of 9093871?
False
Does 76 divide 15850185?
False
Is 227 a factor of 993276409?
True
Is 5305 a factor of 122582635?
True
Is 83968863 even?
False
Is 3195858807 a multiple of 2862?
False
Does 80 divide 4130217440?
True
Does 11 divide 292777?
False
Is 21 a factor of 42341205?
False
Is 50176476 a multiple of 3906?
True
Is 597 a factor of 1678313265?
True
Does 485 divide 213550414?
False
Does 3017 divide 576199505?
False
Does 4207 divide 284894861?
False
Is 116831684 a multiple of 527?
True
Does 12 divide 1867301205?
False
Does 389 divide 96763361?
True
Does 228 divide 95513012?
False
Does 881 divide 1091912937?
False
Does 1044 divide 309244284?
True
Does 25 divide 53707246?
False
Is 1486 a factor of 40825856?
False
Is 3200 a factor of 346355200?
True
Is 79 a factor of 380868164?
True
Does 80 divide 277547760?
True
Does 47 divide 169437538?
True
Is 2474 a factor of 1517608502?
True
Is 48 a factor of 48802532?
False
Is 2346 a factor of 23319065?
False
Does 17 divide 153403265?
False
Is 3058269536 a multiple of 98?
True
Does 48 divide 10433520?
True
Is 407 a factor of 410115178?
True
Does 818 divide 267681934?
False
Is 45 a factor of 806675386?
False
Is 14592042 a multiple of 15?
False
Is 39 a factor of 140666134?
False
Is 85491090 a multiple of 30?
True
Does 82 divide 1086568?
False
Does 48 divide 911904?
True
Does 485 divide 923919354?
False
Is 4332756 a multiple of 17?
True
Does 95 divide 1488930777?
False
Is 784117035 a multiple of 1035?
True
Is 24394406 a multiple of 151?
False
Is 3712620 a multiple of 18?
False
Is 4875406 a multiple of 158?
True
Does 7902 divide 2558003832?
True
Is 6 a factor of 21913464?
True
Is 16983904 a multiple of 112?
True
Does 59 divide 39753858?
False
Is 213158178 a multiple of 522?
True
Is 1721482245 a multiple of 8785?
True
Is 8 a factor of 2667968?
True
Does 113 divide 188218465?
False
Is 684403323 a multiple of 119?
False
Is 1804 a factor of 2658311260?
True
Does 622 divide 85951866?
False
Does 121 divide 59301225?
False
Is 39 a factor of 42823053?
True
Does 508 divide 32759651?
False
Is 629 a factor of 8501564?
True
Is 21396043 a multiple of 108?
False
Is 17 a factor of 16335577?
False
Is 515 a factor of 34176844?
False
Does 64 divide 42766912?
True
Is 38 a factor of 3030100377?
False
Is 28974807 a multiple of 27?
True
Is 182781270 a multiple of 1953?
True
Is 101 a factor of 86744660?
False
Does 289 divide 913768292?
True
Is 38240964 a multiple of 18?
True
Is 69824817 a multiple of 9?
True
Is 37 a factor of 3820215?
False
Does 41 divide 4841568?
False
Does 32 divide 26680445?
False
Is 49 a factor of 203439176?
False
Is 34226696 a multiple of 159?
False
Is 1431816600 a multiple of 2449?
False
Is 27282431 a multiple of 9?
False
Does 180 divide 255920220?
True
Is 23981131 a multiple of 15?
False
Does 317 divide 3359883?
True
Is 72408912 a multiple of 189?
False
Does 19 divide 1112021284?
True
Is 6951703 a multiple of 521?
True
Is 284105313 a multiple of 253?
False
Is 37 a factor of 187814471?
False
Is 48 a factor of 41805744?
True
Is 1920134700 a multiple of 132?
True
Does 17 divide 14066968?
False
Is 105 a factor of 124212513?
False
Is 838 a factor of 78037074?
True
Does 76 divide 31069484?
True
Is 245 a factor of 471036922?
False
Is 699425818 a multiple of 14?
True
Is 646632 a multiple of 42?
True
Is 42993374 a multiple of 156?
False
Is 3703835961 a multiple of 147?
True
Is 352152570 a multiple of 70?
True
Does 529 divide 1868512463?
False
Does 64 divide 16648752?
False
Does 431 divide 68967164?
False
Does 9 divide 402903702?
True
Does 9 divide 63380053?
False
Does 237 divide 9054348?
True
Does 7 divide 88023859?
True
Is 17 a factor of 17846313?
False
Does 15 divide 1657127130?
True
Is 363287491 a multiple of 474?
False
Does 1405 divide 1095151586?
False
Does 1168 divide 1566511186?
False
Is 121402384 a multiple of 17?
False
Is 544375095 a multiple of 11?
True
Is 26895132 a multiple of 8?
False
Is 223 a factor of 1288169535?
True
Is 100579441 a multiple of 13?
False
Is 8418555 a multiple of 9?
True
Is 217972410 a multiple of 11?
False
Does 208 divide 65826644?
False
Is 16 a factor of 153364943?
False
Does 3160 divide 2196047604?
False
Does 48 divide 29788416?
True
Does 5 divide 1887500135?
True
Is 630 a factor of 313127308?
False
Is 27635326 a multiple of 86?
True
Does 18 divide 146441592?
True
Does 1256 divide 63699461?
False
Is 32346988 a multiple of 796?
False
Is 480489944 a multiple of 1562?
True
Is 38 a factor of 289